*s**2 - 106*s + 692. Determine z(7).
48
Let y(m) = -2746*m - 21959. What is y(-8)?
9
Let g(c) = -c**3 - 6*c**2 + 26*c + 10. Give g(3).
7
Let b(n) = 3*n - 394. What is b(-124)?
-766
Let b(w) = w**3 + 13*w**2 + w - 137. Give b(-12).
-5
Let b(n) = -8*n**3 + 66*n**2 - 22*n - 6. What is b(8)?
-54
Let g(w) = 2*w**3 - 32*w**2 + 35*w - 60. Determine g(15).
15
Let c(d) = 6*d**2 + 215*d + 29. What is c(-36)?
65
Let f(v) = -7*v**3 + 3*v**2 + v. What is f(-1)?
9
Let h(o) = -3*o**2 + 159*o - 563. Determine h(50).
-113
Let x(i) = 56*i + 8. Calculate x(-1).
-48
Let d(o) = -20*o + 261. Give d(13).
1
Let t(m) = 153*m - 2022. Calculate t(9).
-645
Let p(v) = 16*v - 1439. What is p(89)?
-15
Let f(i) = -57*i**3 - 4*i**2 - 13*i + 36. Calculate f(2).
-462
Let v(n) = n**2 - 106*n + 2027. Give v(81).
2
Let s(r) = 282*r - 7888. Calculate s(28).
8
Let a(y) = -5*y**2 + 32*y - 7. Determine a(10).
-187
Let x(o) = -63*o**3 - 7*o**2 - 21*o + 28. Calculate x(1).
-63
Let w(c) = c**3 - 4*c**2 - 14*c + 22. What is w(9)?
301
Let r(s) = 35*s - 229. Give r(7).
16
Let o(b) = -b**3 - 56*b**2 + 178*b + 52. Determine o(-59).
-7
Let s(y) = -58*y**2 - 38*y - 37. What is s(-3)?
-445
Let i(q) = -40*q**3 + 9*q**2 + 7*q - 14. Determine i(1).
-38
Let z(r) = -r**3 - 4*r**2 + 184*r + 476. Determine z(13).
-5
Let i(u) = 2*u - 16. Give i(4).
-8
Let t(g) = -7*g**2 - 39*g - 60. Give t(-5).
-40
Let l(p) = -p**2 + 72*p + 1950. What is l(93)?
-3
Let t(c) = c**2 + 17*c - 26. What is t(-18)?
-8
Let j(o) = 27*o - 176. Determine j(6).
-14
Let t(y) = y**3 - 15*y**2 + 57*y + 28. Determine t(9).
55
Let z(k) = -k**3 - 15*k**2 - 23*k - 336. What is z(-15)?
9
Let g(u) = -14*u**2 + 81*u - 53. Calculate g(1).
14
Let m(r) = r**3 + 12*r**2 - 10*r - 38. Calculate m(-12).
82
Let g(a) = 8*a**2 - 651*a - 5436. Give g(89).
-7
Let l(u) = -48*u + 1886. Determine l(39).
14
Let a(y) = y**2 + 11*y + 77. Give a(-5).
47
Let z(i) = i**3 + 16*i**2 - 63*i - 109. Give z(-19).
5
Let w(z) = -18*z**2 - 31*z + 115. What is w(3)?
-140
Let v(d) = 2540*d + 91432. Determine v(-36).
-8
Let k(a) = -a**2 + 27*a + 2098. Calculate k(-34).
24
Let y(x) = x**3 + 2*x**2 - 13*x - 53. What is y(-3)?
-23
Let x(s) = -6*s**2 - 55*s - 3. What is x(-3)?
108
Let u(a) = a**3 - 46*a**2 + 319*a - 442. What is u(38)?
128
Let w(x) = 41*x + 5110. What is w(-127)?
-97
Let s(q) = q**2 + 9*q - 70. Give s(-9).
-70
Let v(y) = 178*y - 3745. What is v(21)?
-7
Let d(l) = l**2 + 137*l - 1138. Determine d(8).
22
Let y(u) = u**2 - 7921*u - 7922. Calculate y(-1).
0
Let w(u) = u**2 - 13*u - 20. What is w(13)?
-20
Let g(a) = -25*a + 718. What is g(38)?
-232
Let v(n) = -n + 115. What is v(0)?
115
Let f(u) = 11*u + 9. Give f(9).
108
Let w(a) = 128*a - 1287. Determine w(10).
-7
Let m(s) = 19*s + 9. What is m(3)?
66
Let w(z) = 2*z**2 + 365*z - 2658. Give w(7).
-5
Let y(s) = 3*s**2 - 93*s + 434. Calculate y(6).
-16
Let z(n) = -n**3 + 38*n**2 + 83*n - 94. Calculate z(40).
26
Let k(s) = -41*s**2 - 161*s + 10. Calculate k(-4).
-2
Let k(h) = -2*h**3 + 25*h + 38. What is k(-2)?
4
Let m(z) = -49*z - 79. What is m(-3)?
68
Let k(f) = -104*f - 8146. Give k(-78).
-34
Let p(o) = o**2 - 96*o + 98. Calculate p(1).
3
Let a(m) = m**2 - 125*m + 1153. What is a(10)?
3
Let a(q) = -1320*q - 17163. Give a(-13).
-3
Let a(t) = -4*t**2 - 130*t - 52. Determine a(-32).
12
Let a(v) = 395*v - 2352. Determine a(6).
18
Let d(n) = -18*n - 20. Determine d(-2).
16
Let y(l) = l**3 - 6*l**2 + 19*l - 4. Give y(8).
276
Let o(d) = -d**3 - 264*d**2 - 266*d - 798. Determine o(-263).
-9
Let j(k) = -105*k - 674. Calculate j(-7).
61
Let b(u) = -104*u + 4186. What is b(40)?
26
Let j(d) = -15*d**3 + 3*d**2 - 3*d - 9. Determine j(-2).
129
Let v(c) = c**3 + 8*c**2 + 20*c + 4. What is v(-7)?
-87
Let r(a) = 625*a - 24362. Determine r(39).
13
Let r(o) = -6*o - 196. Determine r(-35).
14
Let s(h) = 270*h + 2169. Calculate s(-8).
9
Let m(q) = 467*q - 2233. What is m(5)?
102
Let t(u) = 3714*u - 11148. Determine t(3).
-6
Let b(w) = -w**2 - 1355*w - 34563. Determine b(-26).
-9
Let s(i) = 2*i**2 - 108*i - 442. What is s(-4)?
22
Let k(v) = -v**3 - 56*v**2 + 188*v + 636. What is k(-59)?
-13
Let s(v) = -v**3 - 2*v**2 + 41*v + 326. Give s(-10).
716
Let s(j) = 126*j**2 + 2904*j + 140. Determine s(-23).
2
Let m(t) = 19*t - 483. Give m(25).
-8
Let x(b) = -17*b - 83. Calculate x(-4).
-15
Let d(u) = -4*u**3 - 28*u**2 - 28*u - 78. Determine d(-6).
-54
Let r(a) = 5*a**2 + 181*a + 1601. Give r(-22).
39
Let i(j) = j**2 - 70*j + 389. What is i(6)?
5
Let f(l) = -25*l - 336. What is f(-16)?
64
Let n(j) = -36*j**2 + 61*j + 11. Determine n(2).
-11
Let r(z) = -z**3 + 9*z**2 - 134*z + 1058. Calculate r(8).
50
Let r(f) = -5*f**3 - 5*f**2 - 20*f - 16. What is r(-1)?
4
Let n(x) = 786*x + 46383. What is n(-59)?
9
Let p(q) = -2*q**2 - 1533*q - 10625. What is p(-7)?
8
Let s(m) = -m**3 + 19*m**2 - 85*m - 34. Determine s(11).
-1
Let m(c) = -9*c**3 + 4*c**2 + 17*c + 26. Determine m(-2).
80
Let n(t) = t**2 + 275*t + 15002. What is n(-75)?
2
Let c(i) = -334*i + 661. Calculate c(2).
-7
Let p(b) = 2*b**3 + 61*b**2 - 32*b - 25. Determine p(-31).
6
Let i(f) = 16*f - 143. Determine i(-3).
-191
Let x(g) = g**3 - 44*g**2 - 9*g - 1633. What is x(45)?
-13
Let r(f) = -76*f + 322. Give r(4).
18
Let k(q) = -56*q**3 + 2*q**2 + 6*q + 1. Give k(-2).
445
Let g(k) = 7*k - 282. What is g(43)?
19
Let n(o) = o**3 - 26*o**2 + 28*o. Give n(25).
75
Let v(k) = 2*k**3 - 4*k**2 - 4*k + 10. Determine v(4).
58
Let b(m) = -m**3 - 81*m**2 - 977*m + 17. Determine b(-15).
-178
Let v(w) = -6*w**3 + 254*w**2 - 90*w + 234. What is v(42)?
-18
Let p(d) = 438*d + 410. Give p(-1).
-28
Let k(v) = -638*v + 60. Calculate k(0).
60
Let i(z) = 2*z**3 + 7*z**2 + 29*z + 132. Calculate i(-4).
0
Let h(b) = 2*b + 1138. What is h(0)?
1138
Let x(n) = -2*n**2 + 10*n + 94. Determine x(7).
66
Let h(r) = 142*r - 23847. What is h(168)?
9
Let c(d) = -3*d**2 - 140*d + 444. Determine c(3).
-3
Let l(j) = j**3 - 10*j**2 - 201*j + 26. Determine l(20).
6
Let p(u) = u**2 - 229*u + 13051. Determine p(110).
-39
Let y(i) = -9*i + 339. What is y(45)?
-66
Let z(k) = -2*k**3 - 11*k**2 + 21*k - 5. Give z(2).
-23
Let y(q) = q**3 - 12*q**2 + 27*q - 9. Determine y(8).
-49
Let u(l) = -6*l**2 + 293*l - 244. Determine u(48).
-4
Let z(g) = -21*g - 55. Calculate z(-8).
113
Let i(u) = u**2 - 76*u + 558. Give i(67).
-45
Let o(v) = -v**3 + 57*v**2 + 980*v - 187. Determine o(-14).
9
Let c(i) = -i**3 - 17*i**2 - 68*i + 15. Calculate c(-7).
1
Let n(p) = -11*p**2 - 73*p - 441. Calculate n(-7).
-469
Let i(t) = 32*t - 1660. Give i(53).
36
Let a(i) = -3865*i - 46389. What is a(-12)?
-9
Let h(t) = 6*t**2 + 45*t + 29. Determine h(-6).
-25
Let s(q) = 31*q + 1965. What is s(-58)?
167
Let n(f) = 4*f**2 + 114*f - 18. Determine n(-28).
-74
Let j(g) = 2*g**3 - 6*g**2 - 56*g + 157. Determine j(3).
-11
Let v(x) = x**3 + 11*x**2 - 47*x + 28. Give v(-14).
98
Let i(t) = -t**3 + 12*t**2 - 33*t + 6. Give i(6).
24
Let h(i) = -2*i**3 - 2*i**2 - 16*i - 157. Calculate h(-7).
543
Let c(b) = 5*b**3 - 36*b**2 + 56*b - 7. Determine c(5).
-2
Let f(m) = -2*m**2 + 53*m - 126. Determine f(24).
-6
Let r(w) = 2*w**3 - 8*w**2 + 16*w - 167. Calculate r(7).
239
Let p(y) = y**3 - 31*y**2 + 48*y - 1503. What is p(31)?
-15
Let r(g) = 78*g + 50. What is r(-1)?
-28
Let x(s) = 6343*s - 44415. Determine x(7).
-14
Let w(z) = 602*z - 70428. What is w(117)?
6
Let m(g) = -72*g + 15. Give m(-2).
159
Let v(a) = -a**3 + 4*a**2 - 4*a - 4. Determine v(3).
-7
Let x(v) = 12*v**2 - 4*v - 102. What is x(-3)?
18
Let g(m) = 35*m + 5626. What is g(-159)?
61
Let p(q) = q**3 + 20*q**2 + 2*q - 617. What is p(-18)?
-5
Let j(y) = -y**3 + 16*y**2 - 66*y + 113. Determine j(15).
-652
Let r(o) = 2211*o - 16. Determine r(0).
-16
Let c(f) = -12*f - 274. Determine c(-35).
146
Let f(w) = 3*w**3 + 28*w**2 + 20*w - 87. What is f(-8)?
9
Let r(c) = 4*c**2 + 137*c - 602. Give r(-38).
-32
Let r(m) = 8*m - 73. Give r(10).
7
Let l(q) = 37*q**3 + 4*q**2 + 3*q - 4. Determine l(1).
40
Let a(s) = -6*s**3 - 89*s**2 + 14*s - 4. Calculate a(-15).
11
Let c(l) = -l**2 - 38*l - 47. Give c(-35).
58
Let m(q) = 2*q**2 + 4*q - 10. What is m(-4)?
6
Let n(l) = -25*l**3 + 4*l**2 - 16*l - 41. What is n(-2)?
207
Let p(g) = 4*g**2 + 167*g + 17. Give p(-45).
602
Let n(s) = 16*s**2 + 9*s + 28. Calculate n(-6).
550
Let i(s) = 112*s**2 + 11*s. Ca